{"id":60,"date":"2014-06-03T16:17:12","date_gmt":"2014-06-03T15:17:12","guid":{"rendered":"http:\/\/www.florencegirardeau.org\/new\/?page_id=60"},"modified":"2014-06-03T16:20:48","modified_gmt":"2014-06-03T15:20:48","slug":"elevages-de-poussiere-catherine-macchi","status":"publish","type":"page","link":"https:\/\/www.florencegirardeau.org\/new\/elevages-de-poussiere-catherine-macchi\/","title":{"rendered":"\u00c9levages de poussi\u00e8re \/ Catherine Macchi"},"content":{"rendered":"<h3>\u00c9levages de poussi\u00e8re<br \/>\nCatherine Macchi<\/h3>\n<p style=\"text-align: justify;\">L&rsquo;univers de Florence Girardeau est constell\u00e9 de fines particules en suspension qui pourraient aussi bien \u00eatre d&rsquo;origine organique que min\u00e9rale. Soumis \u00e0 d&rsquo;invisibles micro-cataclysmes, ces d\u00e9chets infra-minces finissent n\u00e9anmoins par s&rsquo;organiser sous la forme de dessins, de vid\u00e9os ou d&rsquo;installations rev\u00eatant une ind\u00e9niable dimension po\u00e9tique. Nous voil\u00e0 donc pris dans le mouvement hypnotique de ces restes que l&rsquo;artiste dit sans importance qui s&rsquo;agr\u00e8gent et se d\u00e9sagr\u00e8gent ind\u00e9finiment au rythme d&rsquo;\u00e9piphanies et de disparitions aussi flottantes qu&rsquo;insaisissables.<\/p>\n<p align=\"justify\">Au cours de sa formation \u00e0 l&rsquo;ENSBA, Florence Girardeau exp\u00e9rimente essentiellement un travail de vid\u00e9o index\u00e9 sur le corps et son rapport \u00e0 l&rsquo;espace. La perception est d\u00e9j\u00e0 au centre de ses pr\u00e9occupations ainsi qu&rsquo;en t\u00e9moigne une vid\u00e9o de 2005 intitul\u00e9e \u00ab\u00a0Proprioception\u00a0\u00bb . R\u00e9alis\u00e9e \u00e0 partir de s\u00e9quences emprunt\u00e9es \u00e0 l&rsquo;adaptation cin\u00e9matographique de \u00ab\u00a0Vingt mille lieues sous les mers\u00a0\u00bb de Stuart Paton, la vid\u00e9o r\u00e9active ces images fascinantes datant de 1916 qui constituent les premi\u00e8res sc\u00e8nes sous-marines de l&rsquo;histoire du cin\u00e9ma. On y d\u00e9couvre les efforts d\u00e9mesur\u00e9s d&rsquo;un groupe de scaphandriers qui tentent de marcher dans les fonds marins. La posture rigide qu&rsquo;inflige leur casque \u00e0 hublot et leurs bottes lest\u00e9es de plomb donne \u00e0 ces hommes arm\u00e9s de fusils des allures inqui\u00e9tantes de robots. D&rsquo;ailleurs, les rochers, le sable et les algues qui entravent leurs pas peuvent aussi bien \u00eatre lus comme les \u00e9l\u00e9ments d&rsquo;un paysage lunaire de science-fiction. Florence Girardeau, qui a pris soin de d\u00e9contextualiser la sc\u00e8ne de toute narration &#8212; en l&rsquo;occurrence la chasse au requin &#8211;, a mont\u00e9 les images de ces hommes, sans cesse sur le point de tomber, en miroir. Ainsi les plans de scaphandriers avan\u00e7ant vers la droite s&rsquo;alternent-ils avec ceux de ces m\u00eames scaphandriers allant vers la gauche. Cette c\u00e9sure spatio-temporelle duplique non seulement le nombre de plongeurs, donnant l&rsquo;illusion d&rsquo;\u00eatre face \u00e0 une arm\u00e9e sous-marine qui se dirigerait dans deux directions oppos\u00e9es, mais elle travaille surtout la notion de hors-champ, ouvrant de la sorte au sens propre comme au sens figur\u00e9 les significations de ces images cr\u00e9pusculaires qui contiennent d\u00e9j\u00e0 les \u00e9l\u00e9ments du travail ult\u00e9rieur de l&rsquo;artiste : corps en mouvement, paysage d\u00e9sertique et corpuscules en apesanteur.<\/p>\n<p align=\"justify\">Parall\u00e8lement \u00e0 la vid\u00e9o, Florence Girardeau aborde le dessin apr\u00e8s ses \u00e9tudes, \u00e0 partir de 2007, sous la forme de paysages imaginaires se d\u00e9ployant dans la blancheur de la r\u00e9serve du papier. Compos\u00e9s \u00e0 partir d&rsquo;\u00e9l\u00e9ments reconnaissables (roches, herbes, branches et racines) et reli\u00e9s entre eux \u00e0 la mani\u00e8re de rhizomes improbables, ces fragments paysagers au format intime font l&rsquo;objet d&rsquo;un traitement graphique au feutre remarquable d&rsquo;\u00e9l\u00e9gance et de finesse.<\/p>\n<p align=\"justify\">L&rsquo;ann\u00e9e suivante, Florence Girardeau simplifie ses compositions et fait intervenir dans quelques dessins des fonds tr\u00e8s denses au graphite dont la plan\u00e9it\u00e9 s&rsquo;oppose aux formes v\u00e9g\u00e9tales naissantes dessin\u00e9es au feutre en trois dimensions. La singularit\u00e9 de ces dessins tient \u00e0 l&rsquo;incertitude de la perception qu&rsquo;ils engendrent puisqu&rsquo;on ne saurait dire ce qui est est devant et ce qui est derri\u00e8re. En r\u00e9alit\u00e9, ces fonds au crayon sont plut\u00f4t des surfaces r\u00e9fl\u00e9chissantes qui ouvrent des b\u00e9ances sur des noyaux de nature en expansion.<\/p>\n<p align=\"justify\">En 2009, dans un diptyque de grandes dimensions intitul\u00e9 \u00ab\u00a0Bris\u00a0\u00bb , la jeune artiste r\u00e9duit l&rsquo;intervention au graphite \u00e0 des formes g\u00e9om\u00e9triques qui ne sont pas sans rappeler les plans apparaissant et disparaissant dans l&rsquo;espace pictural inaugur\u00e9s par Mal\u00e9vitch. Les agr\u00e9gats biomorphiques apparaissent cette fois indiff\u00e9remment devant et derri\u00e8re les plans g\u00e9om\u00e9triques donnant une impression de grande fluidit\u00e9 des formes.<\/p>\n<p align=\"justify\">Depuis 2010, Florence Girardeau semble avoir renonc\u00e9 \u00e0 une certaine virtuosit\u00e9 en laissant le dessin au feutre se d\u00e9sagr\u00e9ger. \u00c0 pr\u00e9sent, les formes sont de moins en moins d\u00e9finies, elles sont compos\u00e9es d&rsquo;une multitude de petits gestes retenus, \u00e0 la limite du visible qui \u00e9voquent les grains de poussi\u00e8re en d\u00e9placement de la fascinante vid\u00e9o Limon. Ces interventions au feutre tr\u00e8s fin \u00e0 dimension clairement obsessionnelle, qui demanderaient presque une loupe afin que l&rsquo;on en suive les circonvolutions, continuent de s&rsquo;opposer aux formes g\u00e9om\u00e9triques dessin\u00e9es au graphite auxquelles elles r\u00e9pondent dans des contre-formes triangulaires. Les traits d\u00e9licats qui r\u00e9v\u00e8lent ces vides peuvent \u00eatre entrevus comme des entonnoirs desquels sont prisonniers ces corps flottants ou au contraire comme des faisceaux d&rsquo;o\u00f9 \u00e9mergent des forces lumineuses.<\/p>\n<p align=\"justify\">Initialement appel\u00e9 \u00ab\u00a0Vue prise en a\u00e9roplane\u00a0\u00bb par Man Ray , le clich\u00e9 rapproch\u00e9 du Grand Verre de Duchamp effectu\u00e9 durant une p\u00e9riode de d\u00e9soeuvrement finit par prendre le nom d&rsquo; \u00ab\u00a0\u00c9levage de poussi\u00e8re\u00a0\u00bb . \u00c0 travers ce pas chass\u00e9 linguistique, la paresse et la latence se coloraient d&rsquo;une dimension po\u00e9tique, faisant d&rsquo;un d\u00e9p\u00f4t de salet\u00e9 sur une oeuvre inachev\u00e9e un pigment d&rsquo;un genre nouveau, apte \u00e0 figurer le temps comme un territoire \u00e0 parcourir. C&rsquo;est autour d&rsquo;un d\u00e9placement de cet ordre que s&rsquo;\u00e9chafaude le projet artistique de Florence Girardeau entre vide et plein, entre d\u00e9flagration et surgissement de la forme, entre agir et non-agir dans un espace volontairement ouvert et ind\u00e9fini o\u00f9 la perception est sans cesse convoqu\u00e9e pour exp\u00e9rimenter de nouveaux \u00e9levages de poussi\u00e8res et autres cartographies mentales.<\/p>\n","protected":false},"excerpt":{"rendered":"<p>\u00c9levages de poussi\u00e8re Catherine Macchi L&rsquo;univers de Florence Girardeau est constell\u00e9 de fines particules en suspension qui pourraient aussi bien &hellip; <a class=\"more-link\" href=\"https:\/\/www.florencegirardeau.org\/new\/elevages-de-poussiere-catherine-macchi\/\">Plus<\/a><\/p>\n","protected":false},"author":1,"featured_media":0,"parent":0,"menu_order":0,"comment_status":"closed","ping_status":"closed","template":"","meta":{"footnotes":""},"class_list":["post-60","page","type-page","status-publish","hentry",""],"yoast_head":"<!-- This site is optimized with the Yoast SEO plugin v27.6 - https:\/\/yoast.com\/product\/yoast-seo-wordpress\/ -->\n<title>\u00c9levages de poussi\u00e8re \/ Catherine Macchi - florence girardeau<\/title>\n<meta name=\"robots\" content=\"noindex, follow\" \/>\n<meta property=\"og:locale\" content=\"fr_FR\" \/>\n<meta property=\"og:type\" content=\"article\" \/>\n<meta property=\"og:title\" content=\"\u00c9levages de poussi\u00e8re \/ Catherine Macchi - florence girardeau\" \/>\n<meta property=\"og:description\" content=\"\u00c9levages de poussi\u00e8re Catherine Macchi L&rsquo;univers de Florence Girardeau est constell\u00e9 de fines particules en suspension qui pourraient aussi bien &hellip; Plus\" \/>\n<meta property=\"og:url\" content=\"https:\/\/www.florencegirardeau.org\/new\/elevages-de-poussiere-catherine-macchi\/\" \/>\n<meta property=\"og:site_name\" content=\"florence girardeau\" \/>\n<meta property=\"article:modified_time\" content=\"2014-06-03T15:20:48+00:00\" \/>\n<meta name=\"twitter:card\" content=\"summary_large_image\" \/>\n<meta name=\"twitter:site\" content=\"@Flo_Pechan\" \/>\n<meta name=\"twitter:label1\" content=\"Dur\u00e9e de lecture estim\u00e9e\" \/>\n\t<meta name=\"twitter:data1\" content=\"5 minutes\" \/>\n<script type=\"application\/ld+json\" class=\"yoast-schema-graph\">{\"@context\":\"https:\\\/\\\/schema.org\",\"@graph\":[{\"@type\":[\"WebPage\",\"AboutPage\"],\"@id\":\"https:\\\/\\\/www.florencegirardeau.org\\\/new\\\/elevages-de-poussiere-catherine-macchi\\\/\",\"url\":\"https:\\\/\\\/www.florencegirardeau.org\\\/new\\\/elevages-de-poussiere-catherine-macchi\\\/\",\"name\":\"\u00c9levages de poussi\u00e8re \\\/ Catherine Macchi - florence girardeau\",\"isPartOf\":{\"@id\":\"https:\\\/\\\/www.florencegirardeau.org\\\/new\\\/#website\"},\"datePublished\":\"2014-06-03T15:17:12+00:00\",\"dateModified\":\"2014-06-03T15:20:48+00:00\",\"breadcrumb\":{\"@id\":\"https:\\\/\\\/www.florencegirardeau.org\\\/new\\\/elevages-de-poussiere-catherine-macchi\\\/#breadcrumb\"},\"inLanguage\":\"fr-FR\",\"potentialAction\":[{\"@type\":\"ReadAction\",\"target\":[\"https:\\\/\\\/www.florencegirardeau.org\\\/new\\\/elevages-de-poussiere-catherine-macchi\\\/\"]}]},{\"@type\":\"BreadcrumbList\",\"@id\":\"https:\\\/\\\/www.florencegirardeau.org\\\/new\\\/elevages-de-poussiere-catherine-macchi\\\/#breadcrumb\",\"itemListElement\":[{\"@type\":\"ListItem\",\"position\":1,\"name\":\"Accueil\",\"item\":\"https:\\\/\\\/www.florencegirardeau.org\\\/new\\\/\"},{\"@type\":\"ListItem\",\"position\":2,\"name\":\"\u00c9levages de poussi\u00e8re \\\/ Catherine Macchi\"}]},{\"@type\":\"WebSite\",\"@id\":\"https:\\\/\\\/www.florencegirardeau.org\\\/new\\\/#website\",\"url\":\"https:\\\/\\\/www.florencegirardeau.org\\\/new\\\/\",\"name\":\"florence girardeau\",\"description\":\"visual artist\",\"publisher\":{\"@id\":\"https:\\\/\\\/www.florencegirardeau.org\\\/new\\\/#\\\/schema\\\/person\\\/c176e1b7fdb82068cc40fd62b956a28d\"},\"potentialAction\":[{\"@type\":\"SearchAction\",\"target\":{\"@type\":\"EntryPoint\",\"urlTemplate\":\"https:\\\/\\\/www.florencegirardeau.org\\\/new\\\/?s={search_term_string}\"},\"query-input\":{\"@type\":\"PropertyValueSpecification\",\"valueRequired\":true,\"valueName\":\"search_term_string\"}}],\"inLanguage\":\"fr-FR\"},{\"@type\":[\"Person\",\"Organization\"],\"@id\":\"https:\\\/\\\/www.florencegirardeau.org\\\/new\\\/#\\\/schema\\\/person\\\/c176e1b7fdb82068cc40fd62b956a28d\",\"name\":\"Florence Girardeau\",\"image\":{\"@type\":\"ImageObject\",\"inLanguage\":\"fr-FR\",\"@id\":\"https:\\\/\\\/www.florencegirardeau.org\\\/new\\\/wp-content\\\/uploads\\\/2021\\\/03\\\/florence-girardeau.jpg\",\"url\":\"https:\\\/\\\/www.florencegirardeau.org\\\/new\\\/wp-content\\\/uploads\\\/2021\\\/03\\\/florence-girardeau.jpg\",\"contentUrl\":\"https:\\\/\\\/www.florencegirardeau.org\\\/new\\\/wp-content\\\/uploads\\\/2021\\\/03\\\/florence-girardeau.jpg\",\"width\":1783,\"height\":1793,\"caption\":\"Florence Girardeau\"},\"logo\":{\"@id\":\"https:\\\/\\\/www.florencegirardeau.org\\\/new\\\/wp-content\\\/uploads\\\/2021\\\/03\\\/florence-girardeau.jpg\"},\"sameAs\":[\"instagram.com\\\/florencegirardeau\\\/\"]}]}<\/script>\n<!-- \/ Yoast SEO plugin. -->","yoast_head_json":{"title":"\u00c9levages de poussi\u00e8re \/ Catherine Macchi - florence girardeau","robots":{"index":"noindex","follow":"follow"},"og_locale":"fr_FR","og_type":"article","og_title":"\u00c9levages de poussi\u00e8re \/ Catherine Macchi - florence girardeau","og_description":"\u00c9levages de poussi\u00e8re Catherine Macchi L&rsquo;univers de Florence Girardeau est constell\u00e9 de fines particules en suspension qui pourraient aussi bien &hellip; Plus","og_url":"https:\/\/www.florencegirardeau.org\/new\/elevages-de-poussiere-catherine-macchi\/","og_site_name":"florence girardeau","article_modified_time":"2014-06-03T15:20:48+00:00","twitter_card":"summary_large_image","twitter_site":"@Flo_Pechan","twitter_misc":{"Dur\u00e9e de lecture estim\u00e9e":"5 minutes"},"schema":{"@context":"https:\/\/schema.org","@graph":[{"@type":["WebPage","AboutPage"],"@id":"https:\/\/www.florencegirardeau.org\/new\/elevages-de-poussiere-catherine-macchi\/","url":"https:\/\/www.florencegirardeau.org\/new\/elevages-de-poussiere-catherine-macchi\/","name":"\u00c9levages de poussi\u00e8re \/ Catherine Macchi - florence girardeau","isPartOf":{"@id":"https:\/\/www.florencegirardeau.org\/new\/#website"},"datePublished":"2014-06-03T15:17:12+00:00","dateModified":"2014-06-03T15:20:48+00:00","breadcrumb":{"@id":"https:\/\/www.florencegirardeau.org\/new\/elevages-de-poussiere-catherine-macchi\/#breadcrumb"},"inLanguage":"fr-FR","potentialAction":[{"@type":"ReadAction","target":["https:\/\/www.florencegirardeau.org\/new\/elevages-de-poussiere-catherine-macchi\/"]}]},{"@type":"BreadcrumbList","@id":"https:\/\/www.florencegirardeau.org\/new\/elevages-de-poussiere-catherine-macchi\/#breadcrumb","itemListElement":[{"@type":"ListItem","position":1,"name":"Accueil","item":"https:\/\/www.florencegirardeau.org\/new\/"},{"@type":"ListItem","position":2,"name":"\u00c9levages de poussi\u00e8re \/ Catherine Macchi"}]},{"@type":"WebSite","@id":"https:\/\/www.florencegirardeau.org\/new\/#website","url":"https:\/\/www.florencegirardeau.org\/new\/","name":"florence girardeau","description":"visual artist","publisher":{"@id":"https:\/\/www.florencegirardeau.org\/new\/#\/schema\/person\/c176e1b7fdb82068cc40fd62b956a28d"},"potentialAction":[{"@type":"SearchAction","target":{"@type":"EntryPoint","urlTemplate":"https:\/\/www.florencegirardeau.org\/new\/?s={search_term_string}"},"query-input":{"@type":"PropertyValueSpecification","valueRequired":true,"valueName":"search_term_string"}}],"inLanguage":"fr-FR"},{"@type":["Person","Organization"],"@id":"https:\/\/www.florencegirardeau.org\/new\/#\/schema\/person\/c176e1b7fdb82068cc40fd62b956a28d","name":"Florence Girardeau","image":{"@type":"ImageObject","inLanguage":"fr-FR","@id":"https:\/\/www.florencegirardeau.org\/new\/wp-content\/uploads\/2021\/03\/florence-girardeau.jpg","url":"https:\/\/www.florencegirardeau.org\/new\/wp-content\/uploads\/2021\/03\/florence-girardeau.jpg","contentUrl":"https:\/\/www.florencegirardeau.org\/new\/wp-content\/uploads\/2021\/03\/florence-girardeau.jpg","width":1783,"height":1793,"caption":"Florence Girardeau"},"logo":{"@id":"https:\/\/www.florencegirardeau.org\/new\/wp-content\/uploads\/2021\/03\/florence-girardeau.jpg"},"sameAs":["instagram.com\/florencegirardeau\/"]}]}},"featured_image_src":null,"featured_image_src_square":null,"_links":{"self":[{"href":"https:\/\/www.florencegirardeau.org\/new\/wp-json\/wp\/v2\/pages\/60","targetHints":{"allow":["GET"]}}],"collection":[{"href":"https:\/\/www.florencegirardeau.org\/new\/wp-json\/wp\/v2\/pages"}],"about":[{"href":"https:\/\/www.florencegirardeau.org\/new\/wp-json\/wp\/v2\/types\/page"}],"author":[{"embeddable":true,"href":"https:\/\/www.florencegirardeau.org\/new\/wp-json\/wp\/v2\/users\/1"}],"replies":[{"embeddable":true,"href":"https:\/\/www.florencegirardeau.org\/new\/wp-json\/wp\/v2\/comments?post=60"}],"version-history":[{"count":4,"href":"https:\/\/www.florencegirardeau.org\/new\/wp-json\/wp\/v2\/pages\/60\/revisions"}],"predecessor-version":[{"id":68,"href":"https:\/\/www.florencegirardeau.org\/new\/wp-json\/wp\/v2\/pages\/60\/revisions\/68"}],"wp:attachment":[{"href":"https:\/\/www.florencegirardeau.org\/new\/wp-json\/wp\/v2\/media?parent=60"}],"curies":[{"name":"wp","href":"https:\/\/api.w.org\/{rel}","templated":true}]}}